{"id":64,"date":"2024-03-07T23:29:52","date_gmt":"2024-03-07T22:29:52","guid":{"rendered":"https:\/\/agroprzem.com.pl\/?page_id=64"},"modified":"2024-08-05T22:16:06","modified_gmt":"2024-08-05T20:16:06","slug":"strona-glowna","status":"publish","type":"page","link":"https:\/\/agroprzem.com.pl\/","title":{"rendered":"Strona g\u0142\u00f3wna"},"content":{"rendered":"\n<div class=\"wp-block-columns are-vertically-aligned-bottom is-layout-flex wp-container-core-columns-is-layout-28f84493 wp-block-columns-is-layout-flex\">\n<div class=\"wp-block-column is-vertically-aligned-bottom is-layout-flow wp-block-column-is-layout-flow\">\n<div class=\"wp-block-columns is-layout-flex wp-container-core-columns-is-layout-28f84493 wp-block-columns-is-layout-flex\">\n<div class=\"wp-block-column is-layout-flow wp-block-column-is-layout-flow\" style=\"flex-basis:100%\">\n<div class=\"wp-block-uagb-image aligncenter uagb-block-66ce99d4 wp-block-uagb-image--layout-default wp-block-uagb-image--effect-static wp-block-uagb-image--align-center\"><figure class=\"wp-block-uagb-image__figure\"><a class=\"\" href=\"https:\/\/agroprzem.com.pl\/?page_id=50\" target=\"\" rel=\"noopener\"><img loading=\"lazy\" decoding=\"async\" srcset=\"https:\/\/agroprzem.com.pl\/wp-content\/uploads\/2024\/03\/str_glowna221-300x272.png ,https:\/\/agroprzem.com.pl\/wp-content\/uploads\/2024\/03\/str_glowna221.png 780w, https:\/\/agroprzem.com.pl\/wp-content\/uploads\/2024\/03\/str_glowna221.png 360w\" sizes=\"auto, (max-width: 480px) 150px\" src=\"https:\/\/agroprzem.com.pl\/wp-content\/uploads\/2024\/03\/str_glowna221-300x272.png\" alt=\"\" class=\"uag-image-382\" width=\"400\" height=\"400\" title=\"str_glowna221\" loading=\"lazy\" role=\"img\"\/><\/a><\/figure><\/div>\n<\/div>\n<\/div>\n<\/div>\n\n\n\n<div class=\"wp-block-column is-vertically-aligned-bottom is-layout-flow wp-block-column-is-layout-flow\">\n<div class=\"wp-block-uagb-image aligncenter uagb-block-6c79f631 wp-block-uagb-image--layout-default wp-block-uagb-image--effect-static wp-block-uagb-image--align-center\"><figure class=\"wp-block-uagb-image__figure\"><a class=\"\" href=\"https:\/\/konfigurator.agrio.cz\/?lang4=pl\" target=\"\" rel=\"noopener\"><img loading=\"lazy\" decoding=\"async\" srcset=\"https:\/\/agroprzem.com.pl\/wp-content\/uploads\/2024\/03\/str_glowna21-300x259.png ,https:\/\/agroprzem.com.pl\/wp-content\/uploads\/2024\/03\/str_glowna21.png 780w, https:\/\/agroprzem.com.pl\/wp-content\/uploads\/2024\/03\/str_glowna21.png 360w\" sizes=\"auto, (max-width: 480px) 150px\" src=\"https:\/\/agroprzem.com.pl\/wp-content\/uploads\/2024\/03\/str_glowna21-300x259.png\" alt=\"\" class=\"uag-image-372\" width=\"400\" height=\"400\" title=\"str_glowna21\" loading=\"lazy\" role=\"img\"\/><\/a><\/figure><\/div>\n<\/div>\n\n\n\n<div class=\"wp-block-column is-layout-flow wp-block-column-is-layout-flow\">\n<figure class=\"wp-block-image size-medium is-resized\"><a href=\"https:\/\/agroprzem.com.pl\/?page_id=68\"><img decoding=\"async\" src=\"https:\/\/agroprzem.com.pl\/wp-content\/uploads\/2024\/04\/str_glowna_uslugi-300x271.png\" alt=\"\" style=\"object-fit:cover;width:400px;height:400px\"\/><\/a><\/figure>\n<\/div>\n<\/div>\n\n\n\n<div class=\"wp-block-columns are-vertically-aligned-top is-layout-flex wp-container-core-columns-is-layout-28f84493 wp-block-columns-is-layout-flex\">\n<div class=\"wp-block-column is-vertically-aligned-top is-layout-flow wp-block-column-is-layout-flow\">\n<figure class=\"wp-block-image alignright size-full is-resized\"><a href=\"https:\/\/agroprzem.com.pl\/?page_id=507\"><img fetchpriority=\"high\" decoding=\"async\" width=\"900\" height=\"599\" src=\"https:\/\/agroprzem.com.pl\/wp-content\/uploads\/2024\/08\/remonty.jpg\" alt=\"\" class=\"wp-image-587\" style=\"width:500px\" srcset=\"https:\/\/agroprzem.com.pl\/wp-content\/uploads\/2024\/08\/remonty.jpg 900w, https:\/\/agroprzem.com.pl\/wp-content\/uploads\/2024\/08\/remonty-300x200.jpg 300w, https:\/\/agroprzem.com.pl\/wp-content\/uploads\/2024\/08\/remonty-768x511.jpg 768w\" sizes=\"(max-width: 900px) 100vw, 900px\" \/><\/a><\/figure>\n<\/div>\n\n\n\n<div class=\"wp-block-column is-vertically-aligned-top is-layout-flow wp-block-column-is-layout-flow\">\n<figure class=\"wp-block-image size-full is-resized\"><a href=\"https:\/\/agroprzem.com.pl\/?page_id=70\"><img decoding=\"async\" width=\"900\" height=\"600\" src=\"https:\/\/agroprzem.com.pl\/wp-content\/uploads\/2024\/08\/czesci_zam.jpg\" alt=\"\" class=\"wp-image-593\" style=\"width:500px\" srcset=\"https:\/\/agroprzem.com.pl\/wp-content\/uploads\/2024\/08\/czesci_zam.jpg 900w, https:\/\/agroprzem.com.pl\/wp-content\/uploads\/2024\/08\/czesci_zam-300x200.jpg 300w, https:\/\/agroprzem.com.pl\/wp-content\/uploads\/2024\/08\/czesci_zam-768x512.jpg 768w\" sizes=\"(max-width: 900px) 100vw, 900px\" \/><\/a><\/figure>\n<\/div>\n<\/div>\n\n\n\n<div class=\"wp-block-columns is-layout-flex wp-container-core-columns-is-layout-28f84493 wp-block-columns-is-layout-flex\">\n<div class=\"wp-block-column is-layout-flow wp-block-column-is-layout-flow\">\n<figure class=\"wp-block-embed is-type-rich is-provider-tiktok wp-block-embed-tiktok\"><div class=\"wp-block-embed__wrapper\">\n<blockquote class=\"tiktok-embed\" cite=\"https:\/\/www.tiktok.com\/@agroprzem\" data-unique-id=\"agroprzem\" data-embed-from=\"oembed\" data-embed-type=\"creator\" style=\"max-width:780px; min-width:288px;\"> <section> <a target=\"_blank\" href=\"https:\/\/www.tiktok.com\/@agroprzem?refer=creator_embed\">@agroprzem<\/a> <\/section> <\/blockquote> <script async src=\"https:\/\/www.tiktok.com\/embed.js\"><\/script>\n<\/div><\/figure>\n<\/div>\n<\/div>\n\n\n\n<p><\/p>\n","protected":false},"excerpt":{"rendered":"","protected":false},"author":1,"featured_media":0,"parent":0,"menu_order":0,"comment_status":"closed","ping_status":"closed","template":"","meta":{"_uag_custom_page_level_css":"","site-sidebar-layout":"default","site-content-layout":"","ast-site-content-layout":"default","site-content-style":"default","site-sidebar-style":"default","ast-global-header-display":"","ast-banner-title-visibility":"","ast-main-header-display":"","ast-hfb-above-header-display":"","ast-hfb-below-header-display":"","ast-hfb-mobile-header-display":"","site-post-title":"disabled","ast-breadcrumbs-content":"","ast-featured-img":"","footer-sml-layout":"","ast-disable-related-posts":"","theme-transparent-header-meta":"","adv-header-id-meta":"","stick-header-meta":"","header-above-stick-meta":"","header-main-stick-meta":"","header-below-stick-meta":"","astra-migrate-meta-layouts":"default","ast-page-background-enabled":"default","ast-page-background-meta":{"desktop":{"background-color":"var(--ast-global-color-4)","background-image":"","background-repeat":"repeat","background-position":"center center","background-size":"auto","background-attachment":"scroll","background-type":"","background-media":"","overlay-type":"","overlay-color":"","overlay-opacity":"","overlay-gradient":""},"tablet":{"background-color":"","background-image":"","background-repeat":"repeat","background-position":"center center","background-size":"auto","background-attachment":"scroll","background-type":"","background-media":"","overlay-type":"","overlay-color":"","overlay-opacity":"","overlay-gradient":""},"mobile":{"background-color":"","background-image":"","background-repeat":"repeat","background-position":"center center","background-size":"auto","background-attachment":"scroll","background-type":"","background-media":"","overlay-type":"","overlay-color":"","overlay-opacity":"","overlay-gradient":""}},"ast-content-background-meta":{"desktop":{"background-color":"var(--ast-global-color-5)","background-image":"","background-repeat":"repeat","background-position":"center center","background-size":"auto","background-attachment":"scroll","background-type":"","background-media":"","overlay-type":"","overlay-color":"","overlay-opacity":"","overlay-gradient":""},"tablet":{"background-color":"var(--ast-global-color-5)","background-image":"","background-repeat":"repeat","background-position":"center center","background-size":"auto","background-attachment":"scroll","background-type":"","background-media":"","overlay-type":"","overlay-color":"","overlay-opacity":"","overlay-gradient":""},"mobile":{"background-color":"var(--ast-global-color-5)","background-image":"","background-repeat":"repeat","background-position":"center center","background-size":"auto","background-attachment":"scroll","background-type":"","background-media":"","overlay-type":"","overlay-color":"","overlay-opacity":"","overlay-gradient":""}},"footnotes":""},"class_list":["post-64","page","type-page","status-publish","hentry"],"yoast_head":"<!-- This site is optimized with the Yoast SEO plugin v27.5 - https:\/\/yoast.com\/product\/yoast-seo-wordpress\/ -->\n<title>Strona g\u0142\u00f3wna - AGROPRZEM - Przemys\u0142aw Jab\u0142o\u0144ski (Brze\u015b\u0107 Kujawski)<\/title>\n<meta name=\"robots\" content=\"index, follow, max-snippet:-1, max-image-preview:large, max-video-preview:-1\" \/>\n<link rel=\"canonical\" href=\"https:\/\/agroprzem.com.pl\/\" \/>\n<meta property=\"og:locale\" content=\"pl_PL\" \/>\n<meta property=\"og:type\" content=\"article\" \/>\n<meta property=\"og:title\" content=\"Strona g\u0142\u00f3wna - AGROPRZEM - Przemys\u0142aw Jab\u0142o\u0144ski (Brze\u015b\u0107 Kujawski)\" \/>\n<meta property=\"og:url\" content=\"https:\/\/agroprzem.com.pl\/\" \/>\n<meta property=\"og:site_name\" content=\"AGROPRZEM - Przemys\u0142aw Jab\u0142o\u0144ski (Brze\u015b\u0107 Kujawski)\" \/>\n<meta property=\"article:modified_time\" content=\"2024-08-05T20:16:06+00:00\" \/>\n<meta property=\"og:image\" content=\"https:\/\/agroprzem.com.pl\/wp-content\/uploads\/2024\/03\/str_glowna221-300x272.png\" \/>\n<meta name=\"twitter:card\" content=\"summary_large_image\" \/>\n<meta name=\"twitter:label1\" content=\"Szacowany czas czytania\" \/>\n\t<meta name=\"twitter:data1\" content=\"2 minuty\" \/>\n<script type=\"application\/ld+json\" class=\"yoast-schema-graph\">{\"@context\":\"https:\\\/\\\/schema.org\",\"@graph\":[{\"@type\":\"WebPage\",\"@id\":\"https:\\\/\\\/agroprzem.com.pl\\\/\",\"url\":\"https:\\\/\\\/agroprzem.com.pl\\\/\",\"name\":\"Strona g\u0142\u00f3wna - AGROPRZEM - Przemys\u0142aw Jab\u0142o\u0144ski (Brze\u015b\u0107 Kujawski)\",\"isPartOf\":{\"@id\":\"https:\\\/\\\/agroprzem.com.pl\\\/#website\"},\"primaryImageOfPage\":{\"@id\":\"https:\\\/\\\/agroprzem.com.pl\\\/#primaryimage\"},\"image\":{\"@id\":\"https:\\\/\\\/agroprzem.com.pl\\\/#primaryimage\"},\"thumbnailUrl\":\"https:\\\/\\\/agroprzem.com.pl\\\/wp-content\\\/uploads\\\/2024\\\/03\\\/str_glowna221-300x272.png\",\"datePublished\":\"2024-03-07T22:29:52+00:00\",\"dateModified\":\"2024-08-05T20:16:06+00:00\",\"breadcrumb\":{\"@id\":\"https:\\\/\\\/agroprzem.com.pl\\\/#breadcrumb\"},\"inLanguage\":\"pl-PL\",\"potentialAction\":[{\"@type\":\"ReadAction\",\"target\":[\"https:\\\/\\\/agroprzem.com.pl\\\/\"]}]},{\"@type\":\"ImageObject\",\"inLanguage\":\"pl-PL\",\"@id\":\"https:\\\/\\\/agroprzem.com.pl\\\/#primaryimage\",\"url\":\"https:\\\/\\\/agroprzem.com.pl\\\/wp-content\\\/uploads\\\/2024\\\/03\\\/str_glowna221.png\",\"contentUrl\":\"https:\\\/\\\/agroprzem.com.pl\\\/wp-content\\\/uploads\\\/2024\\\/03\\\/str_glowna221.png\",\"width\":1480,\"height\":1341},{\"@type\":\"BreadcrumbList\",\"@id\":\"https:\\\/\\\/agroprzem.com.pl\\\/#breadcrumb\",\"itemListElement\":[{\"@type\":\"ListItem\",\"position\":1,\"name\":\"Home\",\"item\":\"https:\\\/\\\/agroprzem.com.pl\\\/\"},{\"@type\":\"ListItem\",\"position\":2,\"name\":\"Strona g\u0142\u00f3wna\"}]},{\"@type\":\"WebSite\",\"@id\":\"https:\\\/\\\/agroprzem.com.pl\\\/#website\",\"url\":\"https:\\\/\\\/agroprzem.com.pl\\\/\",\"name\":\"AGROPRZEM - Przemys\u0142aw Jab\u0142o\u0144ski (Brze\u015b\u0107 Kujawski)\",\"description\":\"\",\"publisher\":{\"@id\":\"https:\\\/\\\/agroprzem.com.pl\\\/#organization\"},\"potentialAction\":[{\"@type\":\"SearchAction\",\"target\":{\"@type\":\"EntryPoint\",\"urlTemplate\":\"https:\\\/\\\/agroprzem.com.pl\\\/?s={search_term_string}\"},\"query-input\":{\"@type\":\"PropertyValueSpecification\",\"valueRequired\":true,\"valueName\":\"search_term_string\"}}],\"inLanguage\":\"pl-PL\"},{\"@type\":\"Organization\",\"@id\":\"https:\\\/\\\/agroprzem.com.pl\\\/#organization\",\"name\":\"AGROPRZEM - Przemys\u0142aw Jab\u0142o\u0144ski (Brze\u015b\u0107 Kujawski)\",\"url\":\"https:\\\/\\\/agroprzem.com.pl\\\/\",\"logo\":{\"@type\":\"ImageObject\",\"inLanguage\":\"pl-PL\",\"@id\":\"https:\\\/\\\/agroprzem.com.pl\\\/#\\\/schema\\\/logo\\\/image\\\/\",\"url\":\"https:\\\/\\\/agroprzem.com.pl\\\/wp-content\\\/uploads\\\/2024\\\/03\\\/logo300.png\",\"contentUrl\":\"https:\\\/\\\/agroprzem.com.pl\\\/wp-content\\\/uploads\\\/2024\\\/03\\\/logo300.png\",\"width\":299,\"height\":49,\"caption\":\"AGROPRZEM - Przemys\u0142aw Jab\u0142o\u0144ski (Brze\u015b\u0107 Kujawski)\"},\"image\":{\"@id\":\"https:\\\/\\\/agroprzem.com.pl\\\/#\\\/schema\\\/logo\\\/image\\\/\"}}]}<\/script>\n<!-- \/ Yoast SEO plugin. -->","yoast_head_json":{"title":"Strona g\u0142\u00f3wna - AGROPRZEM - Przemys\u0142aw Jab\u0142o\u0144ski (Brze\u015b\u0107 Kujawski)","robots":{"index":"index","follow":"follow","max-snippet":"max-snippet:-1","max-image-preview":"max-image-preview:large","max-video-preview":"max-video-preview:-1"},"canonical":"https:\/\/agroprzem.com.pl\/","og_locale":"pl_PL","og_type":"article","og_title":"Strona g\u0142\u00f3wna - AGROPRZEM - Przemys\u0142aw Jab\u0142o\u0144ski (Brze\u015b\u0107 Kujawski)","og_url":"https:\/\/agroprzem.com.pl\/","og_site_name":"AGROPRZEM - Przemys\u0142aw Jab\u0142o\u0144ski (Brze\u015b\u0107 Kujawski)","article_modified_time":"2024-08-05T20:16:06+00:00","og_image":[{"url":"https:\/\/agroprzem.com.pl\/wp-content\/uploads\/2024\/03\/str_glowna221-300x272.png","type":"","width":"","height":""}],"twitter_card":"summary_large_image","twitter_misc":{"Szacowany czas czytania":"2 minuty"},"schema":{"@context":"https:\/\/schema.org","@graph":[{"@type":"WebPage","@id":"https:\/\/agroprzem.com.pl\/","url":"https:\/\/agroprzem.com.pl\/","name":"Strona g\u0142\u00f3wna - AGROPRZEM - Przemys\u0142aw Jab\u0142o\u0144ski (Brze\u015b\u0107 Kujawski)","isPartOf":{"@id":"https:\/\/agroprzem.com.pl\/#website"},"primaryImageOfPage":{"@id":"https:\/\/agroprzem.com.pl\/#primaryimage"},"image":{"@id":"https:\/\/agroprzem.com.pl\/#primaryimage"},"thumbnailUrl":"https:\/\/agroprzem.com.pl\/wp-content\/uploads\/2024\/03\/str_glowna221-300x272.png","datePublished":"2024-03-07T22:29:52+00:00","dateModified":"2024-08-05T20:16:06+00:00","breadcrumb":{"@id":"https:\/\/agroprzem.com.pl\/#breadcrumb"},"inLanguage":"pl-PL","potentialAction":[{"@type":"ReadAction","target":["https:\/\/agroprzem.com.pl\/"]}]},{"@type":"ImageObject","inLanguage":"pl-PL","@id":"https:\/\/agroprzem.com.pl\/#primaryimage","url":"https:\/\/agroprzem.com.pl\/wp-content\/uploads\/2024\/03\/str_glowna221.png","contentUrl":"https:\/\/agroprzem.com.pl\/wp-content\/uploads\/2024\/03\/str_glowna221.png","width":1480,"height":1341},{"@type":"BreadcrumbList","@id":"https:\/\/agroprzem.com.pl\/#breadcrumb","itemListElement":[{"@type":"ListItem","position":1,"name":"Home","item":"https:\/\/agroprzem.com.pl\/"},{"@type":"ListItem","position":2,"name":"Strona g\u0142\u00f3wna"}]},{"@type":"WebSite","@id":"https:\/\/agroprzem.com.pl\/#website","url":"https:\/\/agroprzem.com.pl\/","name":"AGROPRZEM - Przemys\u0142aw Jab\u0142o\u0144ski (Brze\u015b\u0107 Kujawski)","description":"","publisher":{"@id":"https:\/\/agroprzem.com.pl\/#organization"},"potentialAction":[{"@type":"SearchAction","target":{"@type":"EntryPoint","urlTemplate":"https:\/\/agroprzem.com.pl\/?s={search_term_string}"},"query-input":{"@type":"PropertyValueSpecification","valueRequired":true,"valueName":"search_term_string"}}],"inLanguage":"pl-PL"},{"@type":"Organization","@id":"https:\/\/agroprzem.com.pl\/#organization","name":"AGROPRZEM - Przemys\u0142aw Jab\u0142o\u0144ski (Brze\u015b\u0107 Kujawski)","url":"https:\/\/agroprzem.com.pl\/","logo":{"@type":"ImageObject","inLanguage":"pl-PL","@id":"https:\/\/agroprzem.com.pl\/#\/schema\/logo\/image\/","url":"https:\/\/agroprzem.com.pl\/wp-content\/uploads\/2024\/03\/logo300.png","contentUrl":"https:\/\/agroprzem.com.pl\/wp-content\/uploads\/2024\/03\/logo300.png","width":299,"height":49,"caption":"AGROPRZEM - Przemys\u0142aw Jab\u0142o\u0144ski (Brze\u015b\u0107 Kujawski)"},"image":{"@id":"https:\/\/agroprzem.com.pl\/#\/schema\/logo\/image\/"}}]}},"uagb_featured_image_src":{"full":false,"thumbnail":false,"medium":false,"medium_large":false,"large":false,"1536x1536":false,"2048x2048":false},"uagb_author_info":{"display_name":"admin","author_link":"https:\/\/agroprzem.com.pl\/?author=1"},"uagb_comment_info":0,"uagb_excerpt":null,"_links":{"self":[{"href":"https:\/\/agroprzem.com.pl\/index.php?rest_route=\/wp\/v2\/pages\/64","targetHints":{"allow":["GET"]}}],"collection":[{"href":"https:\/\/agroprzem.com.pl\/index.php?rest_route=\/wp\/v2\/pages"}],"about":[{"href":"https:\/\/agroprzem.com.pl\/index.php?rest_route=\/wp\/v2\/types\/page"}],"author":[{"embeddable":true,"href":"https:\/\/agroprzem.com.pl\/index.php?rest_route=\/wp\/v2\/users\/1"}],"replies":[{"embeddable":true,"href":"https:\/\/agroprzem.com.pl\/index.php?rest_route=%2Fwp%2Fv2%2Fcomments&post=64"}],"version-history":[{"count":44,"href":"https:\/\/agroprzem.com.pl\/index.php?rest_route=\/wp\/v2\/pages\/64\/revisions"}],"predecessor-version":[{"id":600,"href":"https:\/\/agroprzem.com.pl\/index.php?rest_route=\/wp\/v2\/pages\/64\/revisions\/600"}],"wp:attachment":[{"href":"https:\/\/agroprzem.com.pl\/index.php?rest_route=%2Fwp%2Fv2%2Fmedia&parent=64"}],"curies":[{"name":"wp","href":"https:\/\/api.w.org\/{rel}","templated":true}]}}